{"id":422,"date":"2022-01-04T09:51:40","date_gmt":"2022-01-04T08:51:40","guid":{"rendered":"https:\/\/tambanevana.ch\/de\/?page_id=2"},"modified":"2025-06-11T11:04:24","modified_gmt":"2025-06-11T10:04:24","slug":"archiv","status":"publish","type":"page","link":"https:\/\/tambanevana.ch\/de\/archiv\/","title":{"rendered":"Archiv"},"content":{"rendered":"\n\n\n<h3>Archiv<\/h3>\n\n\n\n\n\n<p>Protokoll Vereinsversammlung 2024<\/p><p><a target=\"_blank\" rel=\"noopener\" href=\"https:\/\/tambanevana.ch\/de\/wp-content\/uploads\/2024\/03\/Protokoll-der-Vereinsversammlung-2024-Januar.pdf\">PDF<\/a><\/p>\n<p>Jahresbericht 2023<\/p><p><a target=\"_blank\" rel=\"noopener\" href=\"https:\/\/tambanevana.ch\/de\/wp-content\/uploads\/2024\/03\/Jahresbericht-2023.pdf\">PDF<\/a><\/p>\n\n\n\n\n\n\n<p>Protokoll Vereinsversammlung 2022<\/p><p><a target=\"_blank\" rel=\"noopener\" href=\"https:\/\/tambanevana.ch\/de\/wp-content\/uploads\/2023\/11\/Protokoll-der-Vereinsversammlung-vom-26.11.2022.pdf\">PDF<\/a><\/p>\n<p>Jahresbericht 2022<\/p><p><a target=\"_blank\" rel=\"noopener\" href=\"https:\/\/tambanevana.ch\/de\/wp-content\/uploads\/2023\/11\/Jahresbericht-2022.pdf\">PDF<\/a><\/p>\n\n\n\n\n\n\n<p>Mitgliederversammlung 27. November 2021<\/p><p><a href=\"https:\/\/tambanevana.ch\/de\/wp-content\/uploads\/2022\/02\/Protokoll-der-Vereinsversammlung-vom-27.11.2021.pdf\" target=\"_blank\" rel=\"noopener\">PDF<\/a><\/p>\n<p>Jahesbericht 2021<\/p><p><span style=\"background-color: rgb(255, 255, 255);\"><a href=\"https:\/\/tambanevana.ch\/de\/wp-content\/uploads\/2022\/01\/Jahresbericht-2021.pdf\" target=\"_blank\" rel=\"noopener\">PDF<\/a><\/span><br><\/p>\n\n\n\n\n\n\n\n<p>Mitgliederversammlung 16. November 2019<\/p><p><a href=\"https:\/\/tambanevana.ch\/de\/wp-content\/uploads\/2022\/01\/Protokoll_der_Vereinsversammlung_vom_16.11.2019.pdf\" target=\"_blank\" rel=\"noopener\">PDF<\/a><\/p>\n<p>Jahesbericht 2019<\/p><p><span style=\"background-color: rgb(255, 255, 255);\"><a href=\"https:\/\/tambanevana.ch\/de\/wp-content\/uploads\/2022\/01\/Jahresbericht_2019.pdf\" target=\"_blank\" rel=\"noopener\">PDF<\/a><\/span><br><\/p>\n\n\n\n\n\n\n\n\n<p>Mitgliederversammlung 3. November 2018<\/p><p><a href=\"https:\/\/tambanevana.ch\/de\/wp-content\/uploads\/2022\/01\/Protokoll_der_Vereinsversammlung_vom_03.11.2018_doc.pdf\" target=\"_blank\" rel=\"noopener\">PDF<\/a><\/p>\n<p>Jahesbericht 2018<\/p><p><span style=\"background-color: rgb(255, 255, 255);\"><a href=\"https:\/\/tambanevana.ch\/de\/wp-content\/uploads\/2022\/01\/Jahresbericht_2018.pdf\" target=\"_blank\" rel=\"noopener\">PDF<\/a><\/span><br><\/p>\n\n<p>Der Filmabend am 21. Februar war ein Erfolg.&nbsp;<\/p><p>Wir danken der Grabenhalle f\u00fcr ihre tolle Unterst\u00fctzung und allen G\u00e4sten f\u00fcr ihr Kommen.<br><\/p>\n<p>Protokoll der ausserordentlichen Vereinsversammlung 21. Februar 2018<\/p><p><span style=\"background-color: rgb(255, 255, 255);\"><a href=\"https:\/\/tambanevana.ch\/de\/wp-content\/uploads\/2022\/01\/Protokoll_Vereinsversammlung_20180221.pdf\" target=\"_blank\" rel=\"noopener\">PDF<\/a><\/span><br><\/p>\n\n\n\n\n\n\n\n\n<p>Mitgliederversammlung 19. November 2017<\/p><p><span style=\"background-color: rgb(255, 255, 255);\"><a href=\"https:\/\/tambanevana.ch\/de\/wp-content\/uploads\/2022\/01\/Protokoll_Vereinsversammlung_20171119.pdf\" target=\"_blank\" rel=\"noopener\">PDF<\/a><\/span><br><\/p>\n<p>Jahresbericht 2017<\/p><p><span style=\"background-color: rgb(255, 255, 255);\"><a href=\"https:\/\/tambanevana.ch\/de\/wp-content\/uploads\/2022\/01\/Jahresbericht_2017.pdf\" target=\"_blank\" rel=\"noopener\">PDF<\/a><\/span><br><\/p>\n<p>Jahresrechnung 2017<\/p><p><span style=\"background-color: rgb(255, 255, 255);\"><a href=\"https:\/\/tambanevana.ch\/de\/wp-content\/uploads\/2022\/01\/Jahresrechnung_2017.pdf\" target=\"_blank\" rel=\"noopener\">PDF<\/a><\/span><br><\/p>\n\n\n\n\n\n\n\n\n<p>Jahresrechnung 2016<\/p><p><a href=\"https:\/\/tambanevana.ch\/de\/wp-content\/uploads\/2022\/01\/Jahresrechnung_2016.pdf\" target=\"_blank\" rel=\"noopener\">PDF<\/a><\/p>\n\n\n\n\n\n\n\n\n<p>Zeitungsbericht St. Galler Tagblatt Monatsbeilage vom 24.12.15<\/p><p><span style=\"background-color: rgb(255, 255, 255);\"><a href=\"https:\/\/tambanevana.ch\/de\/wp-content\/uploads\/2022\/01\/zeitungsbericht_151224.pdf\" target=\"_blank\" rel=\"noopener\">PDF<\/a><\/span><br><\/p>\n<p>Mitgliederversammlung 28. November 2015<\/p><p><a href=\"https:\/\/tambanevana.ch\/de\/wp-content\/uploads\/2022\/01\/tambanevana_protokoll_20151128.pdf\" target=\"_blank\" rel=\"noopener\">PDF<\/a><\/p>\n<p>Jahresbericht 2015<\/p><p><a href=\"https:\/\/tambanevana.ch\/de\/wp-content\/uploads\/2022\/01\/tambanevana_jahresbericht_2015.pdf\" target=\"_blank\" rel=\"noopener\">PDF<\/a><br><\/p>\n\n\n\n\n\n\n\n\n<p>Mitgliederversammlung 22. November 2014<\/p><p><a href=\"https:\/\/tambanevana.ch\/de\/wp-content\/uploads\/2022\/01\/Tamba_2014_GVprot.pdf\" target=\"_blank\" rel=\"noopener\">PDF<\/a><\/p>\n<p>Eine Delegation von Tambanevana Schweiz bereiste zwei Wochen lang Zimbabwe und besuchte das Projekt. Die dabei gewonnenen Eindr\u00fccke sind im Reisebericht zusammengefasst.<\/p><p><a href=\"https:\/\/tambanevana.ch\/de\/wp-content\/uploads\/2022\/01\/Marz_2014_reisebericht.pdf\" target=\"_blank\" rel=\"noopener\">PDF<\/a><\/p>\n\n\n\n\n\n\n\n\n<p>Mitgliederversammlung 8. Dezember 2013<\/p><p><span style=\"background-color: rgb(255, 255, 255);\"><a href=\"https:\/\/tambanevana.ch\/de\/wp-content\/uploads\/2022\/01\/Dezember_2013_protokoll.pdf\" target=\"_blank\" rel=\"noopener\">PDF<\/a><\/span><br><\/p>\n\n\n\n\n\n\n\n\n<p>Mitgliederversammlung 16. Dezember 2012<\/p><p><span style=\"background-color: rgb(255, 255, 255);\"><a href=\"https:\/\/tambanevana.ch\/de\/wp-content\/uploads\/2022\/01\/Dezember_2012_protokoll.pdf\" target=\"_blank\" rel=\"noopener\">PDF<\/a><\/span><br><\/p>\n\n\n\n\n\n\n\n\n<p>Mitgliederversammlung 4. Dezember 2011<\/p><p><span style=\"background-color: rgb(255, 255, 255);\"><a href=\"https:\/\/tambanevana.ch\/de\/wp-content\/uploads\/2022\/01\/Dezember_2011_protokoll.pdf\" target=\"_blank\" rel=\"noopener\">PDF<\/a><\/span><br><\/p>\n<p>Erntedank- und Solidarit\u00e4tsfeier 2. Oktober 2011<\/p><p><span style=\"background-color: rgb(255, 255, 255);\"><a href=\"https:\/\/tambanevana.ch\/de\/wp-content\/uploads\/2022\/01\/Oktober_2011_erntedankfest.pdf\" target=\"_blank\" rel=\"noopener\">PDF<\/a><\/span><br><\/p>\n<p>Benefizkonzert 1. Oktober 2011<\/p><p><span style=\"background-color: rgb(255, 255, 255);\"><a href=\"https:\/\/tambanevana.ch\/de\/wp-content\/uploads\/2022\/01\/Oktober_2011_benefizblau.pdf\" target=\"_blank\" rel=\"noopener\">PDF<\/a><\/span><br><\/p>\n\n\n\n\n\n\n\n\n<p>Mitgliederversammlung 9. Dezember 2010<\/p><p><span style=\"background-color: rgb(255, 255, 255);\"><a href=\"https:\/\/tambanevana.ch\/de\/wp-content\/uploads\/2022\/01\/Dezember_2010_protokoll.pdf\" target=\"_blank\" rel=\"noopener\">PDF<\/a><\/span><br><\/p>\n\n\n\n\n\n\n\n","protected":false},"excerpt":{"rendered":"","protected":false},"author":1,"featured_media":0,"parent":0,"menu_order":0,"comment_status":"closed","ping_status":"closed","template":"","meta":{"footnotes":""},"class_list":["post-422","page","type-page","status-publish","hentry"],"_links":{"self":[{"href":"https:\/\/tambanevana.ch\/de\/wp-json\/wp\/v2\/pages\/422","targetHints":{"allow":["GET"]}}],"collection":[{"href":"https:\/\/tambanevana.ch\/de\/wp-json\/wp\/v2\/pages"}],"about":[{"href":"https:\/\/tambanevana.ch\/de\/wp-json\/wp\/v2\/types\/page"}],"author":[{"embeddable":true,"href":"https:\/\/tambanevana.ch\/de\/wp-json\/wp\/v2\/users\/1"}],"replies":[{"embeddable":true,"href":"https:\/\/tambanevana.ch\/de\/wp-json\/wp\/v2\/comments?post=422"}],"version-history":[{"count":35,"href":"https:\/\/tambanevana.ch\/de\/wp-json\/wp\/v2\/pages\/422\/revisions"}],"predecessor-version":[{"id":590,"href":"https:\/\/tambanevana.ch\/de\/wp-json\/wp\/v2\/pages\/422\/revisions\/590"}],"wp:attachment":[{"href":"https:\/\/tambanevana.ch\/de\/wp-json\/wp\/v2\/media?parent=422"}],"curies":[{"name":"wp","href":"https:\/\/api.w.org\/{rel}","templated":true}]}}

<h3>Archiv</h3>





<p>Protokoll Vereinsversammlung 2024</p><p><a target="_blank" rel="noopener" href="https://tambanevana.ch/de/wp-content/uploads/2024/03/Protokoll-der-Vereinsversammlung-2024-Januar.pdf">PDF</a></p>
<p>Jahresbericht 2023</p><p><a target="_blank" rel="noopener" href="https://tambanevana.ch/de/wp-content/uploads/2024/03/Jahresbericht-2023.pdf">PDF</a></p>






<p>Protokoll Vereinsversammlung 2022</p><p><a target="_blank" rel="noopener" href="https://tambanevana.ch/de/wp-content/uploads/2023/11/Protokoll-der-Vereinsversammlung-vom-26.11.2022.pdf">PDF</a></p>
<p>Jahresbericht 2022</p><p><a target="_blank" rel="noopener" href="https://tambanevana.ch/de/wp-content/uploads/2023/11/Jahresbericht-2022.pdf">PDF</a></p>






<p>Mitgliederversammlung 27. November 2021</p><p><a href="https://tambanevana.ch/de/wp-content/uploads/2022/02/Protokoll-der-Vereinsversammlung-vom-27.11.2021.pdf" target="_blank" rel="noopener">PDF</a></p>
<p>Jahesbericht 2021</p><p><span style="background-color: rgb(255, 255, 255);"><a href="https://tambanevana.ch/de/wp-content/uploads/2022/01/Jahresbericht-2021.pdf" target="_blank" rel="noopener">PDF</a></span><br></p>







<p>Mitgliederversammlung 16. November 2019</p><p><a href="https://tambanevana.ch/de/wp-content/uploads/2022/01/Protokoll_der_Vereinsversammlung_vom_16.11.2019.pdf" target="_blank" rel="noopener">PDF</a></p>
<p>Jahesbericht 2019</p><p><span style="background-color: rgb(255, 255, 255);"><a href="https://tambanevana.ch/de/wp-content/uploads/2022/01/Jahresbericht_2019.pdf" target="_blank" rel="noopener">PDF</a></span><br></p>








<p>Mitgliederversammlung 3. November 2018</p><p><a href="https://tambanevana.ch/de/wp-content/uploads/2022/01/Protokoll_der_Vereinsversammlung_vom_03.11.2018_doc.pdf" target="_blank" rel="noopener">PDF</a></p>
<p>Jahesbericht 2018</p><p><span style="background-color: rgb(255, 255, 255);"><a href="https://tambanevana.ch/de/wp-content/uploads/2022/01/Jahresbericht_2018.pdf" target="_blank" rel="noopener">PDF</a></span><br></p>

<p>Der Filmabend am 21. Februar war ein Erfolg.&nbsp;</p><p>Wir danken der Grabenhalle für ihre tolle Unterstützung und allen Gästen für ihr Kommen.<br></p>
<p>Protokoll der ausserordentlichen Vereinsversammlung 21. Februar 2018</p><p><span style="background-color: rgb(255, 255, 255);"><a href="https://tambanevana.ch/de/wp-content/uploads/2022/01/Protokoll_Vereinsversammlung_20180221.pdf" target="_blank" rel="noopener">PDF</a></span><br></p>








<p>Mitgliederversammlung 19. November 2017</p><p><span style="background-color: rgb(255, 255, 255);"><a href="https://tambanevana.ch/de/wp-content/uploads/2022/01/Protokoll_Vereinsversammlung_20171119.pdf" target="_blank" rel="noopener">PDF</a></span><br></p>
<p>Jahresbericht 2017</p><p><span style="background-color: rgb(255, 255, 255);"><a href="https://tambanevana.ch/de/wp-content/uploads/2022/01/Jahresbericht_2017.pdf" target="_blank" rel="noopener">PDF</a></span><br></p>
<p>Jahresrechnung 2017</p><p><span style="background-color: rgb(255, 255, 255);"><a href="https://tambanevana.ch/de/wp-content/uploads/2022/01/Jahresrechnung_2017.pdf" target="_blank" rel="noopener">PDF</a></span><br></p>








<p>Jahresrechnung 2016</p><p><a href="https://tambanevana.ch/de/wp-content/uploads/2022/01/Jahresrechnung_2016.pdf" target="_blank" rel="noopener">PDF</a></p>








<p>Zeitungsbericht St. Galler Tagblatt Monatsbeilage vom 24.12.15</p><p><span style="background-color: rgb(255, 255, 255);"><a href="https://tambanevana.ch/de/wp-content/uploads/2022/01/zeitungsbericht_151224.pdf" target="_blank" rel="noopener">PDF</a></span><br></p>
<p>Mitgliederversammlung 28. November 2015</p><p><a href="https://tambanevana.ch/de/wp-content/uploads/2022/01/tambanevana_protokoll_20151128.pdf" target="_blank" rel="noopener">PDF</a></p>
<p>Jahresbericht 2015</p><p><a href="https://tambanevana.ch/de/wp-content/uploads/2022/01/tambanevana_jahresbericht_2015.pdf" target="_blank" rel="noopener">PDF</a><br></p>








<p>Mitgliederversammlung 22. November 2014</p><p><a href="https://tambanevana.ch/de/wp-content/uploads/2022/01/Tamba_2014_GVprot.pdf" target="_blank" rel="noopener">PDF</a></p>
<p>Eine Delegation von Tambanevana Schweiz bereiste zwei Wochen lang Zimbabwe und besuchte das Projekt. Die dabei gewonnenen Eindrücke sind im Reisebericht zusammengefasst.</p><p><a href="https://tambanevana.ch/de/wp-content/uploads/2022/01/Marz_2014_reisebericht.pdf" target="_blank" rel="noopener">PDF</a></p>








<p>Mitgliederversammlung 8. Dezember 2013</p><p><span style="background-color: rgb(255, 255, 255);"><a href="https://tambanevana.ch/de/wp-content/uploads/2022/01/Dezember_2013_protokoll.pdf" target="_blank" rel="noopener">PDF</a></span><br></p>








<p>Mitgliederversammlung 16. Dezember 2012</p><p><span style="background-color: rgb(255, 255, 255);"><a href="https://tambanevana.ch/de/wp-content/uploads/2022/01/Dezember_2012_protokoll.pdf" target="_blank" rel="noopener">PDF</a></span><br></p>








<p>Mitgliederversammlung 4. Dezember 2011</p><p><span style="background-color: rgb(255, 255, 255);"><a href="https://tambanevana.ch/de/wp-content/uploads/2022/01/Dezember_2011_protokoll.pdf" target="_blank" rel="noopener">PDF</a></span><br></p>
<p>Erntedank- und Solidaritätsfeier 2. Oktober 2011</p><p><span style="background-color: rgb(255, 255, 255);"><a href="https://tambanevana.ch/de/wp-content/uploads/2022/01/Oktober_2011_erntedankfest.pdf" target="_blank" rel="noopener">PDF</a></span><br></p>
<p>Benefizkonzert 1. Oktober 2011</p><p><span style="background-color: rgb(255, 255, 255);"><a href="https://tambanevana.ch/de/wp-content/uploads/2022/01/Oktober_2011_benefizblau.pdf" target="_blank" rel="noopener">PDF</a></span><br></p>








<p>Mitgliederversammlung 9. Dezember 2010</p><p><span style="background-color: rgb(255, 255, 255);"><a href="https://tambanevana.ch/de/wp-content/uploads/2022/01/Dezember_2010_protokoll.pdf" target="_blank" rel="noopener">PDF</a></span><br></p>
